5.
-8
Convert -70 (base 8) to base 4.
-320
What is 22 (base 11) in base 14?
1a
2 (base 4) to base 12
2
Convert 2 (base 10) to base 9.
2
-1000100 (base 2) to base 3
-2112
1e (base 16) to base 15
20
What is -144 (base 6) in base 13?
-4c
Convert 2 (base 11) to base 13.
2
What is 2 (base 5) in base 11?
2
What is 23 (base 11) in base 6?
41
What is 25 (base 13) in base 12?
27
Convert -13 (base 9) to base 5.
-22
3 (base 13) to base 15
3
2 (base 9) to base 15
2
What is 61 (base 9) in base 14?
3d
-1 (base 5) to base 12
-1
What is 1323 (base 4) in base 6?
323
Convert -32 (base 8) to base 15.
-1b
What is 1 (base 6) in base 15?
1
43 (base 6) to base 5
102
What is 5 (base 12) in base 14?
5
Convert -71 (base 12) to base 6.
-221
-264 (base 10) to base 15
-129
Convert 0 (base 9) to base 11.
0
Convert -70 (base 13) to base 16.
-5b
Convert 15 (base 10) to base 12.
13
Convert -c (base 15) to base 14.
-c
What is -43 (base 6) in base 3?
-1000
Convert 0 (base 14) to base 7.
0
11001 (base 3) to base 11
9a
-1 (base 2) to base 5
-1
What is -3 (base 16) in base 5?
-3
What is 1e8 (base 15) in base 13?
281
-23 (base 10) to base 12
-1b
-115 (base 7) to base 14
-45
-11111010 (base 2) to base 7
-505
What is 1 (base 7) in base 3?
1
1010 (base 2) to base 7
13
-6 (base 9) to base 7
-6
Convert 65 (base 12) to base 3.
2212
-44 (base 14) to base 13
-48
What is 17 (base 9) in base 4?
100
What is -28 (base 13) in base 2?
-100010
-4 (base 16) to base 8
-4
What is -24 (base 6) in base 10?
-16
11 (base 13) to base 12
12
11001 (base 2) to base 14
1b
What is 25 (base 12) in base 8?
35
Convert -2 (base 16) to base 13.
-2
What is 3 (base 13) in base 15?
3
What is 1111111 (base 2) in base 7?
241
Convert -2 (base 9) to base 11.
-2
Convert 30 (base 9) to base 7.
36
-dc (base 14) to base 13
-11c
2221 (base 3) to base 5
304
45 (base 12) to base 3
1222
1 (base 7) to base 4
1
Convert -20 (base 11) to base 9.
-24
Convert 133 (base 4) to base 13.
25
9 (base 15) to base 2
1001
-61 (base 13) to base 2
-1001111
5 (base 11) to base 9
5
-90 (base 12) to base 14
-7a
Convert 303 (base 4) to base 5.
201
23 (base 7) to base 5
32
14 (base 7) to base 3
102
Convert -5 (base 16) to base 13.
-5
What is -2 (base 13) in base 2?
-10
What is 1011 (base 2) in base 9?
12
10 (base 2) to base 9
2
24 (base 12) to base 5
103
20 (base 3) to base 9
6
Convert 68 (base 11) to base 3.
2202
Convert 2 (base 16) to base 15.
2
What is 425 (base 6) in base 10?
161
47 (base 13) to base 7
113
Convert -22 (base 11) to base 14.
-1a
6 (base 14) to base 11
6
-31 (base 4) to base 11
-12
Convert -103 (base 8) to base 2.
-1000011
-2 (base 3) to base 6
-2
-10 (base 3) to base 15
-3
-5 (base 8) to base 11
-5
What is -41 (base 11) in base 3?
-1200
15 (base 11) to base 9
17
Convert -4 (base 9) to base 15.
-4
1 (base 6) to base 10
1
What is a3 (base 11) in base 16?
71
-3 (base 11) to base 9
-3
-4 (base 14) to base 16
-4
Convert 10 (base 12) to base 8.
14
Convert 11 (base 10) to base 9.
12
-3 (base 5) to base 4
-3
-70 (base 9) to base 10
-63
Convert 1 (base 3) to base 10.
1
50 (base 16) to base 11
73
What is 1513 (base 6) in base 16?
195
Convert -9 (base 12) to base 11.
-9
Convert -101 (base 3) to base 9.
-11
Convert -211 (base 3) to base 5.
-42
Convert 17 (base 9) to base 13.
13
Convert -6 (base 16) to base 7.
-6
What is -10c (base 15) in base 11?
-1a6
-10100101 (base 2) to base 10
-165
What is 30 (base 5) in base 8?
17
-1 (base 15) to base 3
-1
What is 4 (base 14) in base 15?
4
What is 11 (base 7) in base 12?
8
Convert -27 (base 9) to base 14.
-1b
What is 10 (base 9) in base 13?
9
What is -42 (base 5) in base 10?
-22
What is 3 (base 13) in base 16?
3
Convert 13 (base 7) to base 9.
11
What is -2 (base 7) in base 12?
-2
What is -80 (base 14) in base 2?
-1110000
-1010 (base 2) to base 13
-a
3 (base 14) to base 16
3
Convert -111 (base 10) to base 6.
-303
Convert 3 (base 8) to base 3.
10
What is -1 (base 13) in base 10?
-1
What is -6 (base 11) in base 10?
-6
Convert -1 (base 13) to base 8.
-1
-11021 (base 4) to base 14
-197
What is -d (base 16) in base 9?
-14
What is -5 (base 13) in base 2?
-101
Convert 19 (base 10) to base 12.
17
What is 4 (base 12) in base 8?
4
What is -1a (base 13) in base 5?
-43
What is 4 (base 12) in base 11?
4
-19 (base 11) to base 6
-32
Convert 5 (base 7) to base 13.
5
Convert -220 (base 6) to base 8.
-124
101011 (base 2) to base 4
223
c2 (base 13) to base 3
12212
What is -11010110 (base 2) in base 16?
-d6
What is -184 (base 12) in base 16?
-f4
What is -80 (base 10) in base 5?
-310
Convert -3 (base 12) to base 14.
-3
Convert -2 (base 8) to base 12.
-2
What is -7 (base 8) in base 5?
-12
-233 (base 5) to base 6
-152
Convert -31 (base 6) to base 11.
-18
What is 8 (base 13) in base 10?
8
What is 33 (base 12) in base 11?
36
Convert 3 (base 16) to base 7.
3
Convert -3 (base 10) to base 16.
-3
What is -4 (base 11) in base 5?
-4
-4 (base 13) to base 3
-11
8 (base 10) to base 2
1000
Convert 32 (base 8) to base 14.
1c
Convert -3 (base 4) to base 5.
-3
What is -132 (base 4) in base 7?
-42
-2 (base 6) to base 9
-2
What is 122 (base 13) in base 10?
197
-9 (base 12) to base 16
-9
1 (base 11) to base 8
1
Convert -4 (base 9) to base 5.
-4
Convert 6 (base 9) to base 8.
6
What is -12 (base 4) in base 11?
-6
Convert -20 (base 3) to base 14.
-6
Convert -2 (base 4) to base 7.
-2
What is 10 (base 10) in base 8?
12
Convert 115 (base 8) to base 10.
77
Convert 1 (base 7) to base 13.
1
34 (base 7) to base 5
100
What is 13 (base 13) in base 3?
121
74 (base 9) to base 15
47
Convert -100 (base 2) to base 7.
-4
Convert -1011 (base 2) to base 9.
-12
-13 (base 11) to base 8
-16
What is -26 (base 7) in base 15?
-15
-61 (base 10) to base 11
-56
3 (base 10) to base 16
3
-327 (base 10) to base 11
-278
What is 55 (base 13) in base 8?
106
102 (base 6) to base 10
38
ad (base 16) to base 15
b8
21 (base 9) to base 6
31
Convert 2c (base 15) to base 9.
46
What is 3 (base 14) in base 3?
10
What is -112 (base 10) in base 11?
-a2
Convert 6d (base 15) to base 11.
94
Convert -5 (base 14) to base 3.
-12
What is 102 (base 3) in base 12?
b
12 (base 7) to base 9
10
-50 (base 12) to base 16
-3c
-3 (base 5) to base 11
-3
-56 (base 7) to base 8
-51
Convert -20 (base 11) to base 15.
-17
Convert 67 (base 10) to base 9.
74
Convert -104 (base 8) to base 15.
-48
What is 0 (base 16) in base 4?
0
Convert -9 (base 12) to base 16.
-9
What is -111001 (base 2) in base 11?
-52
What is -2 (base 3) in base 10?
-2
Convert 4 (base 7) to base 8.
4
Convert -2 (base 9) to base 7.
-2
-2102 (base 3) to base 12
-55
4 (base 6) to base 4
10
What is 101 (base 4) in base 3?
122
4 (base 10) to base 6
4
Convert 3 (base 13) to base 3.
10
Convert 77 (base 8) to base 13.
4b
Convert 1ab (base 12) to base 5.
2100
What is 1 (base 5) in base 3?
1
What is 13 (base 14) in base 12?
15
What is -2 (base 9) in base 12?
-2
Convert 3 (base 7) to base 10.
3
What is 0 (base 16) in base 5?
0
-11 (base 2) to base 13
-3
Convert -221 (base 6) to base 7.
-151
What is -35 (base 8) in base 15?
-1e
-113 (base 4) to base 2
-10111
2 (base 8) to base 12
2
-10 (base 9) to base 13
-9
Convert 77 (base 14) to base 12.
89
22 (base 12) to base 11
24
Convert -1 (base 6) to base 4.
-1
Convert 107 (base 8) to base 11.
65
-244 (base 5) to base 10
-74
Convert -28 (base 15) to base 16.
-26
Convert 4 (base 15) to base 14.
4
-3 (base 7) to base 5
-3
What is 5 (base 15) in base 14?
5
What is -5 (base 7) in base 9?
-5
What is -10 (base 13) in base 3?
-111
Convert -23 (base 8) to base 11.
-18
What is -255 (base 7) in base 16?
-8a
Convert 48 (base 9) to base 5.
134
What is 47 (base 9) in base 10?
43
Convert -21 (base 3) to base 16.
-7
What is -19 (base 14) in base 10?
-23
What is -41 (base 5) in base 16?
-15
What is -320 (base 8) in base 15?
-dd
What is -1 (base 10) in base 6?
-1
What is -44 (base 8) in base 4?
-210
What is -1211 (base 3) in base 7?
-100
Convert 251 (base 7) to base 4.
2012
What is -2 (base 9) in base 3?
-2
What is -352 (base 6) in base 9?
-165
-7 (base 14) to base 9
-7
What is 3 (base 10) in base 3?
10
Convert -14 (base 9) to base 2.
-1101
9 (base 14) to base 8
11
Convert 5 (base 9) to base 8.
5
Convert 1 (base 9) to base 10.
1
Convert 111 (base 4) to base 6.
33
-147 (base 13) to base 11
-198
What is -4 (base 5) in base 6?
-4
Wh